{"id":2,"date":"2024-01-17T11:40:03","date_gmt":"2024-01-17T10:40:03","guid":{"rendered":"https:\/\/www.simonahlstrom.se\/?page_id=2"},"modified":"2026-03-15T22:51:20","modified_gmt":"2026-03-15T21:51:20","slug":"exempelsida","status":"publish","type":"page","link":"https:\/\/www.simonahlstrom.se\/","title":{"rendered":""},"content":{"rendered":"<div class=\"n2_clear\"><ss3-force-full-width data-overflow-x=\"body\" data-horizontal-selector=\"body\"><div class=\"n2-section-smartslider fitvidsignore  n2_clear\" data-ssid=\"3\"><div id=\"n2-ss-3-align\" class=\"n2-ss-align\"><div class=\"n2-padding\"><div id=\"n2-ss-3\" data-creator=\"Smart Slider 3\" data-responsive=\"fullwidth\" class=\"n2-ss-slider n2-ow n2-has-hover n2notransition  \">\n\n\n\n<div class=\"n2-ss-slider-wrapper-inside\">\n        <div class=\"n2-ss-slider-1 n2_ss__touch_element n2-ow\">\n            <div class=\"n2-ss-slider-2 n2-ow\">\n                                                <div class=\"n2-ss-slider-3 n2-ow\">\n\n                    <div class=\"n2-ss-slide-backgrounds n2-ow-all\"><div class=\"n2-ss-slide-background\" data-public-id=\"1\" data-mode=\"fill\"><div class=\"n2-ss-slide-background-image\" data-blur=\"0\" data-opacity=\"100\" data-x=\"51\" data-y=\"15\" data-alt=\"\" data-title=\"\" style=\"--ss-o-pos-x:51%;--ss-o-pos-y:15%\"><picture class=\"skip-lazy jetpack-lazy-image\" data-skip-lazy=\"1\"><img decoding=\"async\" src=\"\/\/www.simonahlstrom.se\/wp-content\/uploads\/2024\/02\/IMG_0173-1-scaled.jpeg\" alt=\"\" title=\"\" loading=\"lazy\" class=\"skip-lazy jetpack-lazy-image\" data-skip-lazy=\"1\"><\/picture><\/div><div data-color=\"RGBA(255,255,255,0)\" style=\"background-color: RGBA(255,255,255,0);\" class=\"n2-ss-slide-background-color\"><\/div><\/div><div class=\"n2-ss-slide-background\" data-public-id=\"2\" data-mode=\"fill\" aria-hidden=\"true\"><div class=\"n2-ss-slide-background-image\" data-blur=\"0\" data-opacity=\"100\" data-x=\"56\" data-y=\"24\" data-alt=\"\" data-title=\"\" style=\"--ss-o-pos-x:56%;--ss-o-pos-y:24%\"><picture class=\"skip-lazy jetpack-lazy-image\" data-skip-lazy=\"1\"><img decoding=\"async\" src=\"\/\/www.simonahlstrom.se\/wp-content\/uploads\/2024\/03\/IMG_0170-scaled-edited.jpeg\" alt=\"\" title=\"\" loading=\"lazy\" class=\"skip-lazy jetpack-lazy-image\" data-skip-lazy=\"1\"><\/picture><\/div><div data-color=\"RGBA(255,255,255,0)\" style=\"background-color: RGBA(255,255,255,0);\" class=\"n2-ss-slide-background-color\"><\/div><\/div><div class=\"n2-ss-slide-background\" data-public-id=\"3\" data-mode=\"fill\" aria-hidden=\"true\"><div class=\"n2-ss-slide-background-image\" data-blur=\"0\" data-opacity=\"100\" data-x=\"47\" data-y=\"16\" data-alt=\"\" data-title=\"\" style=\"--ss-o-pos-x:47%;--ss-o-pos-y:16%\"><picture class=\"skip-lazy jetpack-lazy-image\" data-skip-lazy=\"1\"><img decoding=\"async\" src=\"\/\/www.simonahlstrom.se\/wp-content\/uploads\/2024\/02\/IMG_0171-1-scaled.jpeg\" alt=\"\" title=\"\" loading=\"lazy\" class=\"skip-lazy jetpack-lazy-image\" data-skip-lazy=\"1\"><\/picture><\/div><div data-color=\"RGBA(255,255,255,0)\" style=\"background-color: RGBA(255,255,255,0);\" class=\"n2-ss-slide-background-color\"><\/div><\/div><\/div>                    <div class=\"n2-ss-slider-4 n2-ow\">\n                        <svg xmlns=\"http:\/\/www.w3.org\/2000\/svg\" viewBox=\"0 0 1200 600\" data-related-device=\"desktopPortrait\" class=\"n2-ow n2-ss-preserve-size n2-ss-preserve-size--slider n2-ss-slide-limiter\"><\/svg><div data-first=\"1\" data-slide-duration=\"0\" data-id=\"8\" data-slide-public-id=\"1\" data-title=\"IMG_0173-1\" class=\"n2-ss-slide n2-ow  n2-ss-slide-8\"><div role=\"note\" class=\"n2-ss-slide--focus\" tabindex=\"-1\">IMG_0173-1<\/div><div class=\"n2-ss-layers-container n2-ss-slide-limiter n2-ow\"><div class=\"n2-ss-layer n2-ow n-uc-vHjbprjbVgRr\" data-sstype=\"slide\" data-pm=\"default\"><div class=\"n2-ss-layer n2-ow n-uc-U4wAL9uVvLPd\" data-pm=\"default\" data-sstype=\"content\" data-hasbackground=\"0\"><div class=\"n2-ss-section-main-content n2-ss-layer-with-background n2-ss-layer-content n2-ow n-uc-U4wAL9uVvLPd-inner\"><div class=\"n2-ss-layer n2-ow n-uc-fzT09MXh1sqt\" data-pm=\"absolute\" data-responsiveposition=\"1\" data-desktopportraitleft=\"-435\" data-desktopportraittop=\"1\" data-responsivesize=\"1\" data-desktopportraitwidth=\"233\" data-desktopportraitheight=\"77\" data-desktopportraitalign=\"center\" data-desktopportraitvalign=\"middle\" data-parentid=\"\" data-desktopportraitparentalign=\"center\" data-desktopportraitparentvalign=\"middle\" data-sstype=\"layer\"><div class=\"n2-ss-item-content n2-ss-text n2-ow-all\"><div data-hide-desktoplandscape=\"1\" data-hide-desktopportrait=\"1\" data-hide-tabletlandscape=\"1\" data-hide-tabletportrait=\"1\"><\/div><div class=\"\" data-hide-mobilelandscape=\"1\" data-hide-mobileportrait=\"1\"><p class=\"n2-font-96beb79c1e5956d2e07fc175d40a35d1-paragraph   \">Levande musik med n\u00e4rvaro, ber\u00e4ttelser och k\u00e4nsla.<\/p>\n<\/div><\/div><\/div><div class=\"n2-ss-layer n2-ow n-uc-cFXHkzmoWb7p n2-ss-layer--auto\" data-pm=\"absolute\" data-responsiveposition=\"1\" data-desktopportraitleft=\"-463\" data-desktopportraittop=\"201\" data-responsivesize=\"1\" data-desktopportraitwidth=\"177.5\" data-desktopportraitheight=\"auto\" data-desktopportraitalign=\"center\" data-desktopportraitvalign=\"middle\" data-parentid=\"\" data-desktopportraitparentalign=\"center\" data-desktopportraitparentvalign=\"middle\" data-sstype=\"layer\"><div class=\"n2-ss-button-container n2-ss-item-content n2-ow n2-font-0b21055940bd4e26a9717d13f3039896-link  n2-ss-nowrap n2-ss-button-container--non-full-width\"><a class=\"n2-style-6a94aff2bce474bbe2dab44f07e50d6d-heading  n2-ow \" href=\"https:\/\/www.simonahlstrom.se\/index.php\/boka\/\"><div><div>Skicka f\u00f6rfr\u00e5gan<\/div><\/div><\/a><\/div><\/div><div class=\"n2-ss-layer n2-ow n-uc-a9Dg7zYXSLhX\" data-pm=\"absolute\" data-responsiveposition=\"1\" data-desktopportraitleft=\"-672\" data-desktopportraittop=\"-99\" data-responsivesize=\"1\" data-desktopportraitwidth=\"469\" data-desktopportraitheight=\"auto\" data-desktopportraitalign=\"right\" data-desktopportraitvalign=\"middle\" data-parentid=\"\" data-desktopportraitparentalign=\"center\" data-desktopportraitparentvalign=\"middle\" data-sstype=\"layer\"><div id=\"n2-ss-3item3\" class=\"n2-font-5d04c2d790be71d991c6c9afa621244f-hover   n2-ss-item-content n2-ss-text n2-ow\" style=\"display:block;\">Trubadur till viskv\u00e4llar, f\u00f6reningar och kulturarrangemang<\/div><\/div><\/div><\/div><\/div><\/div><\/div><div data-slide-duration=\"0\" data-id=\"7\" data-slide-public-id=\"2\" aria-hidden=\"true\" data-title=\"IMG_0170\" class=\"n2-ss-slide n2-ow  n2-ss-slide-7\"><div role=\"note\" class=\"n2-ss-slide--focus\" tabindex=\"-1\">IMG_0170<\/div><div class=\"n2-ss-layers-container n2-ss-slide-limiter n2-ow\"><div class=\"n2-ss-layer n2-ow n-uc-UDqzlGjZnL9s\" data-sstype=\"slide\" data-pm=\"default\"><div class=\"n2-ss-layer n2-ow n-uc-PSqlsKrzjZDF\" data-pm=\"default\" data-sstype=\"content\" data-hasbackground=\"0\"><div class=\"n2-ss-section-main-content n2-ss-layer-with-background n2-ss-layer-content n2-ow n-uc-PSqlsKrzjZDF-inner\"><div class=\"n2-ss-layer n2-ow n-uc-DU5DQpUNdNVS\" data-pm=\"absolute\" data-responsiveposition=\"1\" data-desktopportraitleft=\"186\" data-desktopportraittop=\"36\" data-responsivesize=\"1\" data-desktopportraitwidth=\"580\" data-desktopportraitheight=\"auto\" data-desktopportraitalign=\"center\" data-desktopportraitvalign=\"middle\" data-parentid=\"\" data-desktopportraitparentalign=\"center\" data-desktopportraitparentvalign=\"middle\" data-sstype=\"layer\"><div id=\"n2-ss-3item4\" class=\"n2-font-ff5724386aae77cfe43410a0790f4435-hover   n2-ss-item-content n2-ss-text n2-ow\" style=\"display:block;white-space:nowrap;\">Svenska visor, <br>vispop och egna l\u00e5tar<\/div><\/div><div class=\"n2-ss-layer n2-ow n-uc-iz7yQMi85hGg\" data-pm=\"absolute\" data-responsiveposition=\"1\" data-desktopportraitleft=\"-103\" data-desktopportraittop=\"122\" data-responsivesize=\"1\" data-desktopportraitwidth=\"1160\" data-desktopportraitheight=\"auto\" data-desktopportraitalign=\"center\" data-desktopportraitvalign=\"middle\" data-parentid=\"\" data-desktopportraitparentalign=\"center\" data-desktopportraitparentvalign=\"middle\" data-hidemobileportrait=\"1\" data-sstype=\"layer\"><div class=\"n2-ss-item-content n2-ss-text n2-ow-all\"><div data-hide-desktoplandscape=\"1\" data-hide-desktopportrait=\"1\" data-hide-tabletlandscape=\"1\" data-hide-tabletportrait=\"1\"><\/div><div class=\"\" data-hide-mobilelandscape=\"1\" data-hide-mobileportrait=\"1\"><p class=\"n2-font-e32d83f28c7e1bfc820d139b81c2737b-paragraph   \"><i>Musik som passar b\u00e5de sm\u00e5 stunder<br \/>\noch st\u00f6rre arrangemang.<\/i><\/p>\n<\/div><\/div><\/div><div class=\"n2-ss-layer n2-ow n-uc-zuiIOJdz5rC5 n2-ss-layer--auto\" data-pm=\"absolute\" data-responsiveposition=\"1\" data-desktopportraitleft=\"293\" data-desktopportraittop=\"223\" data-responsivesize=\"1\" data-desktopportraitwidth=\"175\" data-desktopportraitheight=\"auto\" data-desktopportraitalign=\"center\" data-desktopportraitvalign=\"middle\" data-parentid=\"\" data-desktopportraitparentalign=\"center\" data-desktopportraitparentvalign=\"middle\" data-sstype=\"layer\"><div class=\"n2-ss-button-container n2-ss-item-content n2-ow n2-font-5510ca841aa52da42ad490383cef397f-link  n2-ss-nowrap n2-ss-button-container--non-full-width\"><a class=\"n2-style-6a94aff2bce474bbe2dab44f07e50d6d-heading  n2-ow \" href=\"https:\/\/www.simonahlstrom.se\/index.php\/detta-tycker-publiken\/\"><div><div>L\u00e4s mer<\/div><\/div><\/a><\/div><\/div><\/div><\/div><\/div><\/div><\/div><div data-slide-duration=\"0\" data-id=\"9\" data-slide-public-id=\"3\" aria-hidden=\"true\" data-title=\"IMG_0171-1\" class=\"n2-ss-slide n2-ow  n2-ss-slide-9\"><div role=\"note\" class=\"n2-ss-slide--focus\" tabindex=\"-1\">IMG_0171-1<\/div><div class=\"n2-ss-layers-container n2-ss-slide-limiter n2-ow\"><div class=\"n2-ss-layer n2-ow n-uc-zNlaGVQzjsaD\" data-sstype=\"slide\" data-pm=\"default\"><div class=\"n2-ss-layer n2-ow n-uc-GQEmUzsFi0H2\" data-pm=\"default\" data-sstype=\"content\" data-hasbackground=\"0\"><div class=\"n2-ss-section-main-content n2-ss-layer-with-background n2-ss-layer-content n2-ow n-uc-GQEmUzsFi0H2-inner\"><div class=\"n2-ss-layer n2-ow n-uc-Ej7djYexVOOZ n2-ss-layer--auto\" data-pm=\"absolute\" data-responsiveposition=\"1\" data-desktopportraitleft=\"-233\" data-desktopportraittop=\"-135\" data-responsivesize=\"1\" data-desktopportraitwidth=\"315\" data-desktopportraitheight=\"auto\" data-desktopportraitalign=\"center\" data-desktopportraitvalign=\"middle\" data-parentid=\"\" data-desktopportraitparentalign=\"center\" data-desktopportraitparentvalign=\"middle\" data-sstype=\"layer\"><div id=\"n2-ss-3item7\" class=\"n2-font-d4d1cd691296d68c5bfd5bf2f6639143-hover   n2-ss-item-content n2-ss-text n2-ow\" style=\"display:inline-block;\">Musik anpassad f\u00f6r<br>publik och sammanhang<\/div><\/div><div class=\"n2-ss-layer n2-ow n-uc-ikEggwwX4YHz\" data-pm=\"absolute\" data-responsiveposition=\"1\" data-desktopportraitleft=\"-265\" data-desktopportraittop=\"-26\" data-responsivesize=\"1\" data-desktopportraitwidth=\"377\" data-desktopportraitheight=\"auto\" data-desktopportraitalign=\"center\" data-desktopportraitvalign=\"middle\" data-parentid=\"\" data-desktopportraitparentalign=\"center\" data-desktopportraitparentvalign=\"middle\" data-hidemobileportrait=\"1\" data-sstype=\"layer\"><div class=\"n2-ss-item-content n2-ss-text n2-ow-all\"><div data-hide-desktoplandscape=\"1\" data-hide-desktopportrait=\"1\" data-hide-tabletlandscape=\"1\" data-hide-tabletportrait=\"1\"><\/div><div class=\"\" data-hide-mobilelandscape=\"1\" data-hide-mobileportrait=\"1\"><p class=\"n2-font-eb89d432625d508e6c73cc5070d408de-paragraph   \">F\u00f6r pubar, privata kv\u00e4llar,<br \/>\nf\u00f6reningar och kulturhus<\/p>\n<\/div><\/div><\/div><div class=\"n2-ss-layer n2-ow n-uc-RpQZKsAzV7H1 n2-ss-layer--auto\" data-pm=\"absolute\" data-responsiveposition=\"1\" data-desktopportraitleft=\"-370\" data-desktopportraittop=\"162\" data-responsivesize=\"1\" data-desktopportraitwidth=\"165.771\" data-desktopportraitheight=\"auto\" data-desktopportraitalign=\"center\" data-desktopportraitvalign=\"middle\" data-parentid=\"\" data-desktopportraitparentalign=\"center\" data-desktopportraitparentvalign=\"middle\" data-sstype=\"layer\"><div class=\"n2-ss-button-container n2-ss-item-content n2-ow n2-font-8cffcf8d28736a994b527e9fe85e773c-link  n2-ss-nowrap n2-ss-button-container--non-full-width\"><a class=\"n2-style-6a94aff2bce474bbe2dab44f07e50d6d-heading  n2-ow \" href=\"https:\/\/www.simonahlstrom.se\/index.php\/boka\/\"><div><div>Be om prisf\u00f6rslag<\/div><\/div><\/a><\/div><\/div><\/div><\/div><\/div><\/div><\/div>                    <\/div>\n\n                                    <\/div>\n            <\/div>\n        <\/div>\n        <div class=\"n2-ss-slider-controls n2-ss-slider-controls-absolute-left-center\"><div style=\"--widget-offset:15px;\" class=\"n2-ss-widget n2-style-3e96e91578293ad7b10f3417b62bbe8f-heading nextend-arrow n2-ow-all nextend-arrow-previous  nextend-arrow-animated-fade\" data-hide-mobileportrait=\"1\" id=\"n2-ss-3-arrow-previous\" role=\"button\" aria-label=\"previous arrow\" tabindex=\"0\"><img loading=\"lazy\" decoding=\"async\" width=\"32\" height=\"32\" class=\"skip-lazy jetpack-lazy-image\" data-skip-lazy=\"1\" src=\"data:image\/svg+xml;base64,PHN2ZyB4bWxucz0iaHR0cDovL3d3dy53My5vcmcvMjAwMC9zdmciIHdpZHRoPSIzMiIgaGVpZ2h0PSIzMiIgdmlld0JveD0iMCAwIDMyIDMyIj4KICAgIDxwYXRoIGZpbGw9IiNmZmZmZmYiIG9wYWNpdHk9IjAuOCIgZmlsbC1ydWxlPSJldmVub2RkIgogICAgICAgICAgZD0iTTE4Ljk5NTggOC45OTA3YzAtLjQyNC0uMjA0LS43MjMtLjYxLS44OTgtLjQwOS0uMTczLS43NzItLjEwNC0xLjA5My4yMDlsLTcuMDA2IDYuOTc1Yy0uMjAxLjE5OS0uMjk3LjQzNy0uMjg2LjcxNiAwIC4yNjcuMDk2LjQ5OC4yODYuNjg5bDcuMDA2IDcuMDAxYy4zMjEuMzIxLjY4NC4zODkgMS4wOTMuMjA5LjQwNi0uMTc0LjYxLS40ODIuNjEtLjkyMlY4Ljk5MDd6Ii8+Cjwvc3ZnPg==\" alt=\"previous arrow\"><\/div><\/div><div class=\"n2-ss-slider-controls n2-ss-slider-controls-absolute-right-center\"><div style=\"--widget-offset:15px;\" class=\"n2-ss-widget n2-style-3e96e91578293ad7b10f3417b62bbe8f-heading nextend-arrow n2-ow-all nextend-arrow-next  nextend-arrow-animated-fade\" data-hide-mobileportrait=\"1\" id=\"n2-ss-3-arrow-next\" role=\"button\" aria-label=\"next arrow\" tabindex=\"0\"><img loading=\"lazy\" decoding=\"async\" width=\"32\" height=\"32\" class=\"skip-lazy jetpack-lazy-image\" data-skip-lazy=\"1\" src=\"data:image\/svg+xml;base64,PHN2ZyB3aWR0aD0iMzIiIGhlaWdodD0iMzIiIHZpZXdCb3g9IjAgMCAzMiAzMiIgeG1sbnM9Imh0dHA6Ly93d3cudzMub3JnLzIwMDAvc3ZnIj4KICAgIDxwYXRoIGQ9Ik0xMiA4Ljk5YzAtLjQyMy4yMDQtLjcyMi42MS0uODk3LjQwOC0uMTczLjc3Mi0uMTA0IDEuMDkyLjIxbDcuMDA2IDYuOTc0Yy4yMDIuMi4yOTguNDM3LjI4Ny43MTYgMCAuMjY3LS4wOTYuNDk4LS4yODcuNjlsLTcuMDA2IDdjLS4zMi4zMi0uNjg0LjM5LTEuMDkyLjIxLS40MDYtLjE3NS0uNjEtLjQ4My0uNjEtLjkyM1Y4Ljk5eiIKICAgICAgICAgIGZpbGw9IiNmZmZmZmYiIG9wYWNpdHk9IjAuOCIgZmlsbC1ydWxlPSJldmVub2RkIi8+Cjwvc3ZnPg==\" alt=\"next arrow\"><\/div><\/div><\/div><\/div><ss3-loader><\/ss3-loader><\/div><\/div><div class=\"n2_clear\"><\/div><\/div><\/ss3-force-full-width><\/div>\n\n\n<h2 class=\"wp-block-heading has-text-align-center\"><strong>Med Skandinavien som spelplats<\/strong><\/h2>\n\n\n\n<p><br><strong>Simon Ahlstr\u00f6m bjuder p\u00e5 levande musik med n\u00e4rvaro, ber\u00e4ttelser och k\u00e4nsla.<\/strong><br>Med svenska visor, vispop och egna l\u00e5tar skapar han musikstunder f\u00f6r b\u00e5de sm\u00e5 och stora sammanhang.<\/p>\n\n\n\n<p><strong>Spelar f\u00f6r f\u00f6reningar och organisationer, men ocks\u00e5 p\u00e5 musikaftnar, festivaler, i kyrkor samt vid privata h\u00f6gtider och andra s\u00e4rskilda tillf\u00e4llen.<\/strong><\/p>\n\n\n\n<div class=\"wp-block-buttons is-content-justification-center is-layout-flex wp-container-core-buttons-is-layout-a89b3969 wp-block-buttons-is-layout-flex\">\n<div class=\"wp-block-button is-style-fill\"><a class=\"wp-block-button__link has-background wp-element-button\" href=\"https:\/\/www.simonahlstrom.se\/index.php\/boka\/\" style=\"background-color:#ff0000\"><strong>Skicka f\u00f6rfr\u00e5gan<\/strong><\/a><\/div>\n<\/div>\n\n\n\n<p>Vi h\u00f6rs!<br>Med v\u00e4nlig h\u00e4lsning,<br><img data-recalc-dims=\"1\" loading=\"lazy\" decoding=\"async\" width=\"150\" height=\"51\" class=\"wp-image-390\" style=\"width: 150px;\" src=\"https:\/\/i0.wp.com\/www.simonahlstrom.se\/wp-content\/uploads\/2024\/03\/IMG_4008.jpg?resize=150%2C51&#038;ssl=1\" alt=\"\" srcset=\"https:\/\/i0.wp.com\/www.simonahlstrom.se\/wp-content\/uploads\/2024\/03\/IMG_4008.jpg?w=1254&amp;ssl=1 1254w, https:\/\/i0.wp.com\/www.simonahlstrom.se\/wp-content\/uploads\/2024\/03\/IMG_4008.jpg?resize=600%2C206&amp;ssl=1 600w, https:\/\/i0.wp.com\/www.simonahlstrom.se\/wp-content\/uploads\/2024\/03\/IMG_4008.jpg?resize=300%2C103&amp;ssl=1 300w, https:\/\/i0.wp.com\/www.simonahlstrom.se\/wp-content\/uploads\/2024\/03\/IMG_4008.jpg?resize=1024%2C351&amp;ssl=1 1024w, https:\/\/i0.wp.com\/www.simonahlstrom.se\/wp-content\/uploads\/2024\/03\/IMG_4008.jpg?resize=768%2C263&amp;ssl=1 768w\" sizes=\"auto, (max-width: 150px) 100vw, 150px\" \/><\/p>\n","protected":false},"excerpt":{"rendered":"<p>Med Skandinavien som spelplats Simon Ahlstr\u00f6m bjuder p\u00e5 levande musik med n\u00e4rvaro, ber\u00e4ttelser och k\u00e4nsla.Med svenska visor, vispop och egna l\u00e5tar skapar han musikstunder f\u00f6r b\u00e5de sm\u00e5 och stora sammanhang. Spelar f\u00f6r f\u00f6reningar och organisationer, men ocks\u00e5 p\u00e5 musikaftnar, festivaler, i kyrkor samt vid privata h\u00f6gtider och andra s\u00e4rskilda tillf\u00e4llen. Vi h\u00f6rs!Med v\u00e4nlig h\u00e4lsning,<\/p>\n","protected":false},"author":1,"featured_media":0,"parent":0,"menu_order":0,"comment_status":"closed","ping_status":"open","template":"","meta":{"footnotes":""},"class_list":["post-2","page","type-page","status-publish","hentry"],"jetpack_sharing_enabled":true,"_links":{"self":[{"href":"https:\/\/www.simonahlstrom.se\/index.php\/wp-json\/wp\/v2\/pages\/2","targetHints":{"allow":["GET"]}}],"collection":[{"href":"https:\/\/www.simonahlstrom.se\/index.php\/wp-json\/wp\/v2\/pages"}],"about":[{"href":"https:\/\/www.simonahlstrom.se\/index.php\/wp-json\/wp\/v2\/types\/page"}],"author":[{"embeddable":true,"href":"https:\/\/www.simonahlstrom.se\/index.php\/wp-json\/wp\/v2\/users\/1"}],"replies":[{"embeddable":true,"href":"https:\/\/www.simonahlstrom.se\/index.php\/wp-json\/wp\/v2\/comments?post=2"}],"version-history":[{"count":79,"href":"https:\/\/www.simonahlstrom.se\/index.php\/wp-json\/wp\/v2\/pages\/2\/revisions"}],"predecessor-version":[{"id":905,"href":"https:\/\/www.simonahlstrom.se\/index.php\/wp-json\/wp\/v2\/pages\/2\/revisions\/905"}],"wp:attachment":[{"href":"https:\/\/www.simonahlstrom.se\/index.php\/wp-json\/wp\/v2\/media?parent=2"}],"curies":[{"name":"wp","href":"https:\/\/api.w.org\/{rel}","templated":true}]}}