{"id":122,"date":"2024-01-18T17:37:07","date_gmt":"2024-01-18T16:37:07","guid":{"rendered":"https:\/\/www.simonahlstrom.se\/?page_id=122"},"modified":"2024-03-01T15:53:25","modified_gmt":"2024-03-01T14:53:25","slug":"corona","status":"publish","type":"page","link":"https:\/\/www.simonahlstrom.se\/index.php\/corona\/","title":{"rendered":"Corona"},"content":{"rendered":"\n<hr class=\"wp-block-separator has-alpha-channel-opacity\"\/>\n\n\n\n<p><strong>Text &amp; musik:<\/strong> Simon Ahlstr\u00f6m<\/p>\n\n\n\n<hr class=\"wp-block-separator has-alpha-channel-opacity\"\/>\n\n\n\n<p><strong>Refr\u00e4ng:<\/strong><br>Corona &#8211; Stick, ge dej av<br>vi vill ge oss ut p\u00e5 \u00f6ppna hav.<br>Du var aldrig v\u00e5ran v\u00e4n,<br>vi vill aldrig se dej h\u00e4r igen &#8211; Corona!<\/p>\n\n\n\n<p><strong>Vers 1:<\/strong><br>D\u00e5 &#8211; visste vi inte att du fanns,<br>vi levde ett liv i glans!<br>Men n\u00e4r du kom, \u00e4ndrades allt,<br>du tog dej fram \u00f6verallt! <\/p>\n\n\n\n<p><strong>Vers 2:<\/strong><br>Corona &#8211; Irriterande st\u00f6rig<br>f\u00f6r v\u00e4rlden \u00e4r du s\u00e5 farlig!<br>Det k\u00e4ndes gr\u00e5tt n\u00e4r du kom hit,<br>ja, du skapade f\u00f6r oss en massa skit!<\/p>\n\n\n\n<p><strong>Refr\u00e4ng:<\/strong><br>Corona &#8211; Stick, ge dej av,<br>vi vill ge oss ut p\u00e5 \u00f6ppna hav.<br>Du var aldrig v\u00e5ran v\u00e4n,<br>vi vill aldrig se dej h\u00e4r igen &#8211; Corona!<\/p>\n\n\n\n<p><strong>Vers 3:<\/strong><br>Vi har f\u00e5tt se, en n\u00e4stan nedst\u00e4ngd v\u00e4rld,<br>med mask och avst\u00e5nd som \u00e5tg\u00e4rd.<br>Inget h\u00e4ng, med v\u00e4nner och sl\u00e4kt,<br>alla har dej som urs\u00e4kt!<\/p>\n\n\n\n<p><strong>Vers 4:<\/strong><br>S\u00e5 Corona &#8211; Stick, l\u00e5t oss va&#8217;,<br>vi vill resa till USA.<br>Nu vill vi ha, en megastor fest,<br>med kramen som en segergest!<\/p>\n\n\n\n<p><strong>Refr\u00e4ng x2:<\/strong><br>Corona &#8211; Stick, ge dej av,<br>vi vill ge oss ut p\u00e5 \u00f6ppna hav.<br>Du var aldrig v\u00e5ran v\u00e4n,<br>vi vill aldrig se dej h\u00e4r igen &#8211; Corona! <\/p>\n\n\n\n<hr class=\"wp-block-separator has-alpha-channel-opacity\"\/>\n","protected":false},"excerpt":{"rendered":"<p>Text &amp; musik: Simon Ahlstr\u00f6m Refr\u00e4ng:Corona &#8211; Stick, ge dej avvi vill ge oss ut p\u00e5 \u00f6ppna hav.Du var aldrig v\u00e5ran v\u00e4n,vi vill aldrig se dej h\u00e4r igen &#8211; Corona! Vers 1:D\u00e5 &#8211; visste vi inte att du fanns,vi levde ett liv i glans!Men n\u00e4r du kom, \u00e4ndrades allt,du tog dej fram \u00f6verallt! Vers 2:Corona [&hellip;]<\/p>\n","protected":false},"author":1,"featured_media":0,"parent":0,"menu_order":0,"comment_status":"closed","ping_status":"closed","template":"","meta":{"footnotes":""},"class_list":["post-122","page","type-page","status-publish","hentry"],"jetpack_sharing_enabled":true,"_links":{"self":[{"href":"https:\/\/www.simonahlstrom.se\/index.php\/wp-json\/wp\/v2\/pages\/122","targetHints":{"allow":["GET"]}}],"collection":[{"href":"https:\/\/www.simonahlstrom.se\/index.php\/wp-json\/wp\/v2\/pages"}],"about":[{"href":"https:\/\/www.simonahlstrom.se\/index.php\/wp-json\/wp\/v2\/types\/page"}],"author":[{"embeddable":true,"href":"https:\/\/www.simonahlstrom.se\/index.php\/wp-json\/wp\/v2\/users\/1"}],"replies":[{"embeddable":true,"href":"https:\/\/www.simonahlstrom.se\/index.php\/wp-json\/wp\/v2\/comments?post=122"}],"version-history":[{"count":2,"href":"https:\/\/www.simonahlstrom.se\/index.php\/wp-json\/wp\/v2\/pages\/122\/revisions"}],"predecessor-version":[{"id":417,"href":"https:\/\/www.simonahlstrom.se\/index.php\/wp-json\/wp\/v2\/pages\/122\/revisions\/417"}],"wp:attachment":[{"href":"https:\/\/www.simonahlstrom.se\/index.php\/wp-json\/wp\/v2\/media?parent=122"}],"curies":[{"name":"wp","href":"https:\/\/api.w.org\/{rel}","templated":true}]}}